highest common factor of 340 and j?
20
Let c(p) = 6*p - 1. Let w be c(-5). Let f be w*(-5 - 16/(-4)). Calculate the greatest common factor of 31 and f.
31
Let z(y) = y**3 - 20*y**2 - 2*y + 24. Let a be z(20). Let t be 702/(-36)*a/6. Calculate the greatest common factor of 130 and t.
26
Let a(g) be the third derivative of 0*g + 1/3*g**4 + 0 - 2*g**2 + 1/60*g**5 - 5/6*g**3. Let y be a(-9). Calculate the highest common factor of y and 12.
4
Let d = 8 - 6. Suppose 0 = -2*c + 3*v + 157 - 22, c - 50 = -d*v. Let f be (18*1)/(57/76). Calculate the greatest common divisor of c and f.
12
Suppose 2*c = 6*c - 12. Suppose -4*d - j - j + 82 = 0, 2*d - 31 = -c*j. Suppose -2*v + d = -17. What is the greatest common divisor of v and 8?
4
Suppose -6*k + 1324 - 106 = 0. Calculate the greatest common factor of 21 and k.
7
Let b(c) be the second derivative of 0 - 2*c - 2*c**3 + 1/12*c**4 + 7*c**2. Let x be b(11). What is the greatest common factor of x and 1?
1
Let d be -2 + (-1 - -1) - -20. Let g = -358 - -361. What is the greatest common factor of g and d?
3
Let v = -645 - -1459. What is the highest common divisor of v and 22?
22
Suppose 85*s - 4*y - 1136 = 80*s, y - 220 = -s. Calculate the highest common divisor of s and 80.
16
Let w = -4 + 58. Suppose -28*l + 199 = -305. What is the greatest common divisor of w and l?
18
Let y(f) = 2*f**2 + 4*f - 6. Let a be y(-5). What is the greatest common factor of a and 64?
8
Let u(o) = 120*o - 61. Let s be u(3). Calculate the greatest common factor of 161 and s.
23
Let m(x) = -8*x**2 - 5*x - 2. Let q be m(-5). Let u = q - -261. Let j be (-1 - -3)/(2/12). Calculate the greatest common divisor of u and j.
12
Suppose -6*c = -2582 + 512. What is the greatest common factor of 69 and c?
69
Let t(v) = -v**2 - 11*v - 2. Let n be t(-6). Let w = -13 + n. Suppose 43*i - 174 = 14*i. Calculate the highest common factor of i and w.
3
Let p = 1158 - 547. Calculate the greatest common divisor of 13 and p.
13
Let k(n) = -141*n + 1425. Let a be k(10). Let d = 38 - 23. Calculate the highest common factor of d and a.
15
Let a = 836 - 629. Calculate the greatest common factor of a and 46.
23
Let y = 281 + -271. Let v be 4*(-2)/(-12)*-9. Let c be (2/v)/(1/(-15)). Calculate the greatest common divisor of y and c.
5
Let t(f) = -f**3 - f**2 + 2. Let h be t(-2). Suppose -4*w - 18 = -p, -2*p - 58 = -h*p + 2*w. Calculate the greatest common divisor of 14 and p.
14
Suppose 2*b = -0*b - 8. Let n(r) = 4*r**2 + r + 12. Let f be n(b). What is the highest common factor of f and 9?
9
Suppose -13*c = -20*c + 168. Calculate the greatest common divisor of c and 96.
24
Suppose 996*u = 995*u + 374. What is the highest common factor of u and 176?
22
Suppose -10*w = -635 - 325. Suppose -y = -7 - 5. What is the greatest common divisor of y and w?
12
Let z be -3 - (-25)/5 - 16. Let y = 74 + z. What is the greatest common divisor of 10 and y?
10
Suppose 5*v + 25 = -5. Let j(r) = 3*r + 8. Let k(m) = 16*m + 40. Let b(n) = 24*j(n) - 5*k(n). Let d be b(v). What is the highest common divisor of d and 8?
8
Suppose 0 = 5*h - 6 - 9. Suppose -h*u + 41 + 55 = 0. What is the highest common factor of u and 4?
4
Let j(k) = -2*k**3 + k**2 + 2*k + 4. Let v be j(-4). Suppose -246 + 39 = -3*x + 5*w, 0 = -2*x + 4*w + v. Calculate the highest common factor of x and 8.
8
Let f(g) = -369*g + 4885. Let m be f(13). Let l be 43/4 + (-2)/(-8). What is the highest common divisor of l and m?
11
Let j = 120 - 120. Let q be (4 - j)/((-60)/(-210)). What is the greatest common factor of q and 7?
7
Suppose -2*v + 64 = 4*d, -2*v - 34 + 103 = 3*d. Suppose j - 41 - 22 = 0. Calculate the greatest common factor of v and j.
21
Suppose 331 = 5*p - 3*n - 205, 4*p + 3*n = 418. Suppose -k = 3*v - 11, -2*v + p = 5*k - 4*v. Calculate the highest common factor of k and 8.
4
Let i be ((-504)/(-315))/((-1)/(-180)). Calculate the greatest common factor of i and 176.
16
Let t(z) = -28*z - 6. Let b be t(-7). Let m = b - 135. Let x(a) = 20*a**2 - 17*a + 19. Let k be x(1). What is the greatest common divisor of m and k?
11
Let a = 27 + -31. Let y be (a/6)/(1/(-3)). Suppose 0 = 2*j + 3*u, 0 = -2*u + u - y. Calculate the highest common divisor of j and 27.
3
Let w = -25 + 32. Let r be 6310/35 + (-2)/w. Calculate the greatest common divisor of 36 and r.
36
Suppose -5*i + 9 = -91. What is the greatest common factor of i and 180?
20
Suppose -5*q - b - 21 = -85, 2*q = b + 20. Let r = 1 + q. Calculate the greatest common divisor of 78 and r.
13
Suppose 2*r = r + 1. Let m(w) = 2*w**2 + 22*w + 29. Let s be m(-10). Calculate the greatest common factor of s and r.
1
Suppose 590*w - 184 = 582*w. Calculate the greatest common factor of w and 2.
1
Let c(x) = 6*x + 169. Let s be c(26). Calculate the greatest common divisor of s and 13.
13
Let b be (0 + -10)/(-6*(-16)/(-384)). Calculate the highest common factor of b and 1040.
40
Let l = -4 + 10. Let s be 140/12 - 4/l. Let o = s + 0. Calculate the highest common divisor of 11 and o.
11
Let q = -200 + 431. Let z be (3/(-6))/(1/(-14)). Suppose -2*d + z*d = 105. What is the highest common factor of q and d?
21
Suppose 0 = 8*l - 4*l. Let m = l - -5. Calculate the highest common factor of 35 and m.
5
Suppose -2*s + 3*i = -276, -3*s = -2*i - 443 + 39. Let r be s/8*1*6. What is the greatest common divisor of 9 and r?
9
Let t be 33/(-5) - 6/15. Let m = 18 - t. Calculate the greatest common factor of 225 and m.
25
Let r be (2/((-8)/6))/((-2)/4). Suppose 352 = 3*i + 5*y, r*i - 6*y - 360 = -3*y. Calculate the highest common factor of i and 17.
17
Let r(d) = -2*d + 68*d**2 - 2*d + 5*d - 21*d**2. Let q be r(-1). Let t = q - 13. Calculate the highest common divisor of t and 22.
11
Suppose 3*q = -5*y + 2, 0 = 3*q - 3*y + y - 37. Let w be q - (2 + -1 - 0). What is the highest common factor of w and 20?
4
Let x(r) = r + 53. Let p be x(-9). Calculate the highest common factor of p and 682.
22
Suppose 3*d + 2*n + 10 = -3*n, -n + 5 = 2*d. Suppose -3*i - 2*i + 47 = 3*w, d*i - 4*w - 19 = 0. Calculate the highest common divisor of 112 and i.
7
Let d be (8/6 - 0)/((-16)/(-96)). What is the highest common divisor of d and 1064?
8
Suppose 4*q = 4*c + 80, 4*c = -4*q + 6*q - 40. What is the greatest common factor of q and 140?
20
Let s(p) = -18*p - 51. Let k be s(-3). What is the highest common factor of k and 321?
3
Let o(c) = c**2 - 25*c + 36. Let g be o(28). Calculate the highest common factor of 40 and g.
40
Suppose 2536 = 36*m + 376. What is the highest common divisor of m and 36?
12
Suppose 2*l + 4*q - 80 = 84, 3*l + 2*q = 226. Suppose -32 - l = -8*r. Let s be 1/(1 - 2)*-39. Calculate the highest common divisor of s and r.
13
Let q(y) be the first derivative of -5*y**2 + y + 8. Let l be q(3). Let t = -20 - l. What is the greatest common factor of t and 6?
3
Suppose 0 = 4*o - 3*b - 4, 5*o - 10 - 2 = 2*b. Suppose -o*t = -t - 9. Let c(r) = 2*r**2 + 1. Let q be c(-1). Calculate the highest common factor of q and t.
3
Let m = 63 - 9. Let w(r) = r**3 - 11*r**2 - 11*r - 6. Let h be w(12). Suppose 0 = q - h. Calculate the highest common divisor of q and m.
6
Let i(t) = 5*t + 2*t - 3*t - 3*t + 18. Let y be i(-13). Suppose -f = -y*h + 1, -f + 22 - 2 = 2*h. What is the greatest common factor of 14 and f?
14
Let j(v) = 6*v - 4. Let a(k) = k - 1. Let o(d) = -4*a(d) + 4*j(d). Let h be o(9). Suppose 0 = -3*u - 16 + 88. Calculate the greatest common divisor of h and u.
24
Let l(v) = -v + 84. Let f be l(12). What is the greatest common divisor of 162 and f?
18
Suppose 3*g = 4*c + 11, -3*g + 4*c - 5*c - 14 = 0. Let a be 1/(g - (-7)/2). Let k be 1/(0 - (-1 + 0)). What is the highest common factor of a and k?
1
Let y(o) = -o**2 + 4*o + 4. Let x(w) = -w**2 + 10*w + 4. Let t be x(10). Let f be y(t). Let p = 38 + -34. What is the greatest common factor of f and p?
4
Let j(h) = 3*h**3 - 53*h**2 - 17*h + 16. Let x be j(18). Calculate the highest common factor of 629 and x.
17
Let f be 733/3 - (-118)/(-354). Calculate the greatest common divisor of 122 and f.
122
Let k be 490/63 - ((-2)/9 + 0). Suppose -2*t + 8 = -k. What is the greatest common factor of 4 and t?
4
Let d(o) = o**3 + 2*o**2 - o + 13. Let w be d(-4). Let y be (1/3)/((-1)/w + 0). Calculate the highest common divisor of 5 and y.
5
Let m = 94 + -74. Suppose -5*w